{"id":474,"date":"2022-07-03T10:19:46","date_gmt":"2022-07-03T03:19:46","guid":{"rendered":"https:\/\/congchunghoankiem.com.vn\/?page_id=474"},"modified":"2022-09-04T23:55:59","modified_gmt":"2022-09-04T16:55:59","slug":"tin-tuc-su-kien","status":"publish","type":"page","link":"https:\/\/congchunghoankiem.com.vn\/?page_id=474","title":{"rendered":"Tin t\u1ee9c &#8211; S\u1ef1 ki\u1ec7n"},"content":{"rendered":"\t\t<div data-elementor-type=\"wp-page\" data-elementor-id=\"474\" class=\"elementor elementor-474\">\n\t\t\t\t\t\t\t\t\t<section class=\"elementor-section elementor-top-section elementor-element elementor-element-bb74f52 elementor-section-full_width elementor-section-stretched elementor-section-height-default elementor-section-height-default\" data-id=\"bb74f52\" data-element_type=\"section\" data-settings=\"{&quot;background_background&quot;:&quot;classic&quot;,&quot;stretch_section&quot;:&quot;section-stretched&quot;}\">\n\t\t\t\t\t\t<div class=\"elementor-container elementor-column-gap-default\">\n\t\t\t\t\t<div class=\"elementor-column elementor-col-100 elementor-top-column elementor-element elementor-element-9875586\" data-id=\"9875586\" data-element_type=\"column\">\n\t\t\t<div class=\"elementor-widget-wrap elementor-element-populated\">\n\t\t\t\t\t\t\t\t<div class=\"elementor-element elementor-element-3974543 elementor-widget__width-inherit elementor-widget elementor-widget-image\" data-id=\"3974543\" data-element_type=\"widget\" data-widget_type=\"image.default\">\n\t\t\t\t<div class=\"elementor-widget-container\">\n\t\t\t<style>\/*! elementor - v3.6.3 - 12-04-2022 *\/\n.elementor-widget-image{text-align:center}.elementor-widget-image a{display:inline-block}.elementor-widget-image a img[src$=\".svg\"]{width:48px}.elementor-widget-image img{vertical-align:middle;display:inline-block}<\/style>\t\t\t\t\t\t\t\t\t\t\t\t<img loading=\"lazy\" decoding=\"async\" width=\"1920\" height=\"356\" src=\"https:\/\/congchunghoankiem.com.vn\/wp-content\/uploads\/2022\/09\/VPCC_Page_Banner_TTSK.png\" class=\"attachment-full size-full\" alt=\"\" srcset=\"https:\/\/congchunghoankiem.com.vn\/wp-content\/uploads\/2022\/09\/VPCC_Page_Banner_TTSK.png 1920w, https:\/\/congchunghoankiem.com.vn\/wp-content\/uploads\/2022\/09\/VPCC_Page_Banner_TTSK-300x56.png 300w, https:\/\/congchunghoankiem.com.vn\/wp-content\/uploads\/2022\/09\/VPCC_Page_Banner_TTSK-1024x190.png 1024w, https:\/\/congchunghoankiem.com.vn\/wp-content\/uploads\/2022\/09\/VPCC_Page_Banner_TTSK-768x142.png 768w, https:\/\/congchunghoankiem.com.vn\/wp-content\/uploads\/2022\/09\/VPCC_Page_Banner_TTSK-1536x285.png 1536w, https:\/\/congchunghoankiem.com.vn\/wp-content\/uploads\/2022\/09\/VPCC_Page_Banner_TTSK-260x48.png 260w, https:\/\/congchunghoankiem.com.vn\/wp-content\/uploads\/2022\/09\/VPCC_Page_Banner_TTSK-50x9.png 50w, https:\/\/congchunghoankiem.com.vn\/wp-content\/uploads\/2022\/09\/VPCC_Page_Banner_TTSK-150x28.png 150w\" sizes=\"(max-width: 1920px) 100vw, 1920px\" \/>\t\t\t\t\t\t\t\t\t\t\t\t\t\t\t<\/div>\n\t\t\t\t<\/div>\n\t\t\t\t\t<\/div>\n\t\t<\/div>\n\t\t\t\t\t\t\t<\/div>\n\t\t<\/section>\n\t\t\t\t<section class=\"elementor-section elementor-top-section elementor-element elementor-element-cef76c3 elementor-section-boxed elementor-section-height-default elementor-section-height-default\" data-id=\"cef76c3\" data-element_type=\"section\">\n\t\t\t\t\t\t<div class=\"elementor-container elementor-column-gap-default\">\n\t\t\t\t\t<div class=\"elementor-column elementor-col-100 elementor-top-column elementor-element elementor-element-d9432d5\" data-id=\"d9432d5\" data-element_type=\"column\">\n\t\t\t<div class=\"elementor-widget-wrap elementor-element-populated\">\n\t\t\t\t\t\t\t\t<div class=\"elementor-element elementor-element-774d829 elementor-widget elementor-widget-heading\" data-id=\"774d829\" data-element_type=\"widget\" data-widget_type=\"heading.default\">\n\t\t\t\t<div class=\"elementor-widget-container\">\n\t\t\t<style>\/*! elementor - v3.6.3 - 12-04-2022 *\/\n.elementor-heading-title{padding:0;margin:0;line-height:1}.elementor-widget-heading .elementor-heading-title[class*=elementor-size-]>a{color:inherit;font-size:inherit;line-height:inherit}.elementor-widget-heading .elementor-heading-title.elementor-size-small{font-size:15px}.elementor-widget-heading .elementor-heading-title.elementor-size-medium{font-size:19px}.elementor-widget-heading .elementor-heading-title.elementor-size-large{font-size:29px}.elementor-widget-heading .elementor-heading-title.elementor-size-xl{font-size:39px}.elementor-widget-heading .elementor-heading-title.elementor-size-xxl{font-size:59px}<\/style><h2 class=\"elementor-heading-title elementor-size-default\">TIN T\u1ee8C - S\u1ef0 KI\u1ec6N<\/h2>\t\t<\/div>\n\t\t\t\t<\/div>\n\t\t\t\t\t<\/div>\n\t\t<\/div>\n\t\t\t\t\t\t\t<\/div>\n\t\t<\/section>\n\t\t\t\t<section class=\"elementor-section elementor-top-section elementor-element elementor-element-708d876 elementor-section-boxed elementor-section-height-default elementor-section-height-default\" data-id=\"708d876\" data-element_type=\"section\">\n\t\t\t\t\t\t<div class=\"elementor-container elementor-column-gap-default\">\n\t\t\t\t\t<div class=\"elementor-column elementor-col-100 elementor-top-column elementor-element elementor-element-c000595\" data-id=\"c000595\" data-element_type=\"column\">\n\t\t\t<div class=\"elementor-widget-wrap elementor-element-populated\">\n\t\t\t\t\t\t\t\t<div class=\"elementor-element elementor-element-9d2579c elementor-widget elementor-widget-template\" data-id=\"9d2579c\" data-element_type=\"widget\" data-widget_type=\"template.default\">\n\t\t\t\t<div class=\"elementor-widget-container\">\n\t\t\t\t\t<div class=\"elementor-template\">\n\t\t\t\t\t<div data-elementor-type=\"section\" data-elementor-id=\"1217\" class=\"elementor elementor-1217\">\n\t\t\t\t\t\t\t\t<section class=\"elementor-section elementor-top-section elementor-element elementor-element-1986858 elementor-section-boxed elementor-section-height-default elementor-section-height-default\" data-id=\"1986858\" data-element_type=\"section\">\n\t\t\t\t\t\t<div class=\"elementor-container elementor-column-gap-default\">\n\t\t\t\t\t<div class=\"elementor-column elementor-col-100 elementor-top-column elementor-element elementor-element-5665d4c\" data-id=\"5665d4c\" data-element_type=\"column\">\n\t\t\t<div class=\"elementor-widget-wrap elementor-element-populated\">\n\t\t\t\t\t\t\t\t<div class=\"elementor-element elementor-element-8bcbdea elementor-grid-3 elementor-grid-tablet-2 elementor-grid-mobile-1 elementor-posts--thumbnail-top elementor-widget elementor-widget-posts\" data-id=\"8bcbdea\" data-element_type=\"widget\" data-settings=\"{&quot;classic_masonry&quot;:&quot;yes&quot;,&quot;pagination_type&quot;:&quot;load_more_infinite_scroll&quot;,&quot;classic_row_gap&quot;:{&quot;unit&quot;:&quot;px&quot;,&quot;size&quot;:38,&quot;sizes&quot;:[]},&quot;classic_columns&quot;:&quot;3&quot;,&quot;classic_columns_tablet&quot;:&quot;2&quot;,&quot;classic_columns_mobile&quot;:&quot;1&quot;,&quot;classic_row_gap_tablet&quot;:{&quot;unit&quot;:&quot;px&quot;,&quot;size&quot;:&quot;&quot;,&quot;sizes&quot;:[]},&quot;classic_row_gap_mobile&quot;:{&quot;unit&quot;:&quot;px&quot;,&quot;size&quot;:&quot;&quot;,&quot;sizes&quot;:[]},&quot;load_more_spinner&quot;:{&quot;value&quot;:&quot;fas fa-spinner&quot;,&quot;library&quot;:&quot;fa-solid&quot;}}\" data-widget_type=\"posts.classic\">\n\t\t\t\t<div class=\"elementor-widget-container\">\n\t\t\t<link rel=\"stylesheet\" href=\"https:\/\/congchunghoankiem.com.vn\/wp-content\/plugins\/elementor-pro\/assets\/css\/widget-posts.min.css\">\t\t<div class=\"elementor-posts-container elementor-posts elementor-posts--skin-classic elementor-grid\">\n\t\t\t\t<article class=\"elementor-post elementor-grid-item post-699 post type-post status-publish format-standard has-post-thumbnail hentry category-tin-tuc\">\n\t\t\t\t<a class=\"elementor-post__thumbnail__link\" href=\"https:\/\/congchunghoankiem.com.vn\/?p=699\" >\n\t\t\t<div class=\"elementor-post__thumbnail\"><img loading=\"lazy\" decoding=\"async\" width=\"300\" height=\"208\" src=\"https:\/\/congchunghoankiem.com.vn\/wp-content\/uploads\/2022\/07\/DC3-hien-phap-1-300x208.jpg\" class=\"attachment-medium size-medium\" alt=\"\" \/><\/div>\n\t\t<\/a>\n\t\t\t\t<div class=\"elementor-post__text\">\n\t\t\t\t<h3 class=\"elementor-post__title\">\n\t\t\t<a href=\"https:\/\/congchunghoankiem.com.vn\/?p=699\" >\n\t\t\t\tCh\u01b0a r\u00f5 \u00fd Hi\u1ebfn ph\u00e1p, kh\u00f3 s\u1eeda lu\u1eadt \u0111\u1ea5t \u0111ai\t\t\t<\/a>\n\t\t<\/h3>\n\t\t\t\t<div class=\"elementor-post__excerpt\">\n\t\t\t<p>X\u00e9t tr\u00ean l\u1ee3i \u00edch chung c\u1ee7a x\u00e3 h\u1ed9i, vi\u1ec7c c\u00f4ng ch\u1ee9ng, ch\u1ee9ng th\u1ef1c c\u00e1c giao d\u1ecbch v\u1ec1 \u0111\u1ea5t l\u00e0 c\u1ea7n thi\u1ebft.\u201cC\u00f3 l\u1ebd s\u1ee3 thi\u1ebfu n\u00ean d\u1ef1<\/p>\n\t\t<\/div>\n\t\t\t\t<\/div>\n\t\t\t\t<\/article>\n\t\t\t\t<article class=\"elementor-post elementor-grid-item post-697 post type-post status-publish format-standard has-post-thumbnail hentry category-tin-tuc\">\n\t\t\t\t<a class=\"elementor-post__thumbnail__link\" href=\"https:\/\/congchunghoankiem.com.vn\/?p=697\" >\n\t\t\t<div class=\"elementor-post__thumbnail\"><img loading=\"lazy\" decoding=\"async\" width=\"300\" height=\"187\" src=\"https:\/\/congchunghoankiem.com.vn\/wp-content\/uploads\/2022\/06\/8A1-von-fdi-300x187.jpg\" class=\"attachment-medium size-medium\" alt=\"\" \/><\/div>\n\t\t<\/a>\n\t\t\t\t<div class=\"elementor-post__text\">\n\t\t\t\t<h3 class=\"elementor-post__title\">\n\t\t\t<a href=\"https:\/\/congchunghoankiem.com.vn\/?p=697\" >\n\t\t\t\tCho vay doanh nghi\u1ec7p d\u1ec5 ti\u00eau c\u1ef1c, \u0111\u1ea3o n\u1ee3\t\t\t<\/a>\n\t\t<\/h3>\n\t\t\t\t<div class=\"elementor-post__excerpt\">\n\t\t\t<p>C\u00f3 \u00fd ki\u1ebfn cho r\u1eb1ng, \u0111\u1ec3 r\u1ea1ch r\u00f2i vi\u1ec7c ph\u00e2n b\u1ed1 v\u1ed1n vay, n\u00ean quy \u0111\u1ecbnh 2\/3 trong s\u1ed1 30 ngh\u00ecn t\u1ef7 l\u00e0 cho vay c\u00e1<\/p>\n\t\t<\/div>\n\t\t\t\t<\/div>\n\t\t\t\t<\/article>\n\t\t\t\t<article class=\"elementor-post elementor-grid-item post-200 post type-post status-publish format-standard has-post-thumbnail hentry category-tin-tuc\">\n\t\t\t\t<a class=\"elementor-post__thumbnail__link\" href=\"https:\/\/congchunghoankiem.com.vn\/?p=200\" >\n\t\t\t<div class=\"elementor-post__thumbnail\"><img loading=\"lazy\" decoding=\"async\" width=\"300\" height=\"187\" src=\"https:\/\/congchunghoankiem.com.vn\/wp-content\/uploads\/2022\/06\/8A1-von-fdi-300x187.jpg\" class=\"attachment-medium size-medium\" alt=\"\" \/><\/div>\n\t\t<\/a>\n\t\t\t\t<div class=\"elementor-post__text\">\n\t\t\t\t<h3 class=\"elementor-post__title\">\n\t\t\t<a href=\"https:\/\/congchunghoankiem.com.vn\/?p=200\" >\n\t\t\t\tN\u00ean d\u00e0nh t\u1ea5t c\u1ea3 30 ngh\u00ecn t\u1ef7 cho c\u00e1 nh\u00e2n ng\u01b0\u1eddi vay v\u1ed1n\t\t\t<\/a>\n\t\t<\/h3>\n\t\t\t\t<div class=\"elementor-post__excerpt\">\n\t\t\t<p>Hi\u1ec7n nay, d\u01b0 lu\u1eadn \u0111ang h\u1ebft s\u1ee9c quan t\u00e2m t\u1edbi d\u1ef1 th\u1ea3o Th\u00f4ng t\u01b0 quy \u0111\u1ecbnh v\u1ec1 cho vay h\u1ed7 tr\u1ee3 nh\u00e0 \u1edf theo Ngh\u1ecb quy\u1ebft<\/p>\n\t\t<\/div>\n\t\t\t\t<\/div>\n\t\t\t\t<\/article>\n\t\t\t\t<article class=\"elementor-post elementor-grid-item post-198 post type-post status-publish format-standard has-post-thumbnail hentry category-tin-tuc\">\n\t\t\t\t<a class=\"elementor-post__thumbnail__link\" href=\"https:\/\/congchunghoankiem.com.vn\/?p=198\" >\n\t\t\t<div class=\"elementor-post__thumbnail\"><img loading=\"lazy\" decoding=\"async\" width=\"300\" height=\"187\" src=\"https:\/\/congchunghoankiem.com.vn\/wp-content\/uploads\/2022\/06\/8A1-von-fdi-300x187.jpg\" class=\"attachment-medium size-medium\" alt=\"\" \/><\/div>\n\t\t<\/a>\n\t\t\t\t<div class=\"elementor-post__text\">\n\t\t\t\t<h3 class=\"elementor-post__title\">\n\t\t\t<a href=\"https:\/\/congchunghoankiem.com.vn\/?p=198\" >\n\t\t\t\tL\u1eddi gi\u1ea3i cho th\u1ecb tr\u01b0\u1eddng\t\t\t<\/a>\n\t\t<\/h3>\n\t\t\t\t<div class=\"elementor-post__excerpt\">\n\t\t\t<p>\u0110\u01b0a ra gi\u1ea3i ph\u00e1p cho th\u1ecb tr\u01b0\u1eddng b\u1ea5t \u0111\u1ed9ng s\u1ea3n Vi\u1ec7t Nam hi\u1ec7n nay, \u00f4ng Sam cho r\u1eb1ng, c\u00f3 l\u1ebd tr\u01b0\u1edbc m\u1eaft Vi\u1ec7t Nam n\u00ean d\u1eebng<\/p>\n\t\t<\/div>\n\t\t\t\t<\/div>\n\t\t\t\t<\/article>\n\t\t\t\t<article class=\"elementor-post elementor-grid-item post-196 post type-post status-publish format-standard has-post-thumbnail hentry category-tin-tuc\">\n\t\t\t\t<a class=\"elementor-post__thumbnail__link\" href=\"https:\/\/congchunghoankiem.com.vn\/?p=196\" >\n\t\t\t<div class=\"elementor-post__thumbnail\"><img loading=\"lazy\" decoding=\"async\" width=\"300\" height=\"187\" src=\"https:\/\/congchunghoankiem.com.vn\/wp-content\/uploads\/2022\/06\/8A1-von-fdi-300x187.jpg\" class=\"attachment-medium size-medium\" alt=\"\" \/><\/div>\n\t\t<\/a>\n\t\t\t\t<div class=\"elementor-post__text\">\n\t\t\t\t<h3 class=\"elementor-post__title\">\n\t\t\t<a href=\"https:\/\/congchunghoankiem.com.vn\/?p=196\" >\n\t\t\t\tKh\u00f4i ph\u1ee5c B\u0110S: M\u1ea5t 6 n\u0103m, gi\u1ea3m 60% gi\u00e1 tr\u1ecb\t\t\t<\/a>\n\t\t<\/h3>\n\t\t\t\t<div class=\"elementor-post__excerpt\">\n\t\t\t<p>M\u1ee9c thu nh\u1eadp b\u00ecnh qu\u00e2n \u0111\u1ea7u ng\u01b0\u1eddi th\u1ea5p trong khi \u0111\u00f3 gi\u00e1 nh\u00e0 t\u1ea1i Vi\u1ec7t Nam l\u1ea1i cao nh\u1ea5t nh\u00ec khu v\u1ef1c khi\u1ebfn cho kh\u00f4ng \u00edt<\/p>\n\t\t<\/div>\n\t\t\t\t<\/div>\n\t\t\t\t<\/article>\n\t\t\t\t<article class=\"elementor-post elementor-grid-item post-194 post type-post status-publish format-standard has-post-thumbnail hentry category-tin-tuc\">\n\t\t\t\t<a class=\"elementor-post__thumbnail__link\" href=\"https:\/\/congchunghoankiem.com.vn\/?p=194\" >\n\t\t\t<div class=\"elementor-post__thumbnail\"><img loading=\"lazy\" decoding=\"async\" width=\"300\" height=\"187\" src=\"https:\/\/congchunghoankiem.com.vn\/wp-content\/uploads\/2022\/06\/8A1-von-fdi-300x187.jpg\" class=\"attachment-medium size-medium\" alt=\"\" \/><\/div>\n\t\t<\/a>\n\t\t\t\t<div class=\"elementor-post__text\">\n\t\t\t\t<h3 class=\"elementor-post__title\">\n\t\t\t<a href=\"https:\/\/congchunghoankiem.com.vn\/?p=194\" >\n\t\t\t\tH\u1ed7 tr\u1ee3 vay v\u1ed1n, chung c\u01b0 gi\u00e1 r\u1ebb h\u00fat kh\u00e1ch\t\t\t<\/a>\n\t\t<\/h3>\n\t\t\t\t<div class=\"elementor-post__excerpt\">\n\t\t\t<p>Vi\u1ec7c ng\u00e2n h\u00e0ng m\u1edf h\u1ea7u bao cho vay mua nh\u00e0 th\u01b0\u01a1ng m\u1ea1i gi\u00e1 r\u1ebb v\u1edbi m\u1ee9c l\u00e3i su\u1ea5t 6%\/n\u0103m \u0111\u00e3 khi\u1ebfn nhi\u1ec1u ng\u01b0\u1eddi d\u00e2n \u0111ang r\u1ea5t<\/p>\n\t\t<\/div>\n\t\t\t\t<\/div>\n\t\t\t\t<\/article>\n\t\t\t\t<\/div>\n\n\n\t\t\t\t\t<span class=\"e-load-more-spinner\">\n\t\t\t\t<i aria-hidden=\"true\" class=\"fas fa-spinner\"><\/i>\t\t\t<\/span>\n\t\t\n\t\t\t\t<div class=\"e-load-more-anchor\" data-page=\"1\" data-max-page=\"2\" data-next-page=\"https:\/\/congchunghoankiem.com.vn\/index.php?rest_route=%2Fwp%2Fv2%2Fpages%2F474&#038;paged=2\"><\/div>\n\t\t\t\t<div class=\"e-load-more-message\">No more posts to show<\/div>\n\t\t\t\t<\/div>\n\t\t\t\t<\/div>\n\t\t\t\t\t<\/div>\n\t\t<\/div>\n\t\t\t\t\t\t\t<\/div>\n\t\t<\/section>\n\t\t\t\t\t\t<\/div>\n\t\t\t\t<\/div>\n\t\t\t\t<\/div>\n\t\t\t\t<\/div>\n\t\t\t\t\t<\/div>\n\t\t<\/div>\n\t\t\t\t\t\t\t<\/div>\n\t\t<\/section>\n\t\t\t\t\t\t\t<\/div>\n\t\t","protected":false},"excerpt":{"rendered":"<p>TIN T\u1ee8C &#8211; S\u1ef0 KI\u1ec6N<\/p>\n","protected":false},"author":1,"featured_media":0,"parent":0,"menu_order":0,"comment_status":"closed","ping_status":"closed","template":"","meta":{"footnotes":""},"acf":false,"_links":{"self":[{"href":"https:\/\/congchunghoankiem.com.vn\/index.php?rest_route=\/wp\/v2\/pages\/474"}],"collection":[{"href":"https:\/\/congchunghoankiem.com.vn\/index.php?rest_route=\/wp\/v2\/pages"}],"about":[{"href":"https:\/\/congchunghoankiem.com.vn\/index.php?rest_route=\/wp\/v2\/types\/page"}],"author":[{"embeddable":true,"href":"https:\/\/congchunghoankiem.com.vn\/index.php?rest_route=\/wp\/v2\/users\/1"}],"replies":[{"embeddable":true,"href":"https:\/\/congchunghoankiem.com.vn\/index.php?rest_route=%2Fwp%2Fv2%2Fcomments&post=474"}],"version-history":[{"count":77,"href":"https:\/\/congchunghoankiem.com.vn\/index.php?rest_route=\/wp\/v2\/pages\/474\/revisions"}],"predecessor-version":[{"id":1239,"href":"https:\/\/congchunghoankiem.com.vn\/index.php?rest_route=\/wp\/v2\/pages\/474\/revisions\/1239"}],"wp:attachment":[{"href":"https:\/\/congchunghoankiem.com.vn\/index.php?rest_route=%2Fwp%2Fv2%2Fmedia&parent=474"}],"curies":[{"name":"wp","href":"https:\/\/api.w.org\/{rel}","templated":true}]}}